 of z.
563
Suppose -8*l + 82 = 114. List the prime factors of (-2 - -8)*(96 - (-4 - l)).
2, 3
Let v = 167 - 164. Suppose 0 = -3*x - 22 + 28. Suppose 0 = 5*m + 10, v*d + m - 32 = x*m. List the prime factors of d.
2, 5
Let y(u) = u**2 + 23*u + 3. Let t(z) = 3*z**2 - 6*z**2 - 2*z**2 - 7 - 47*z + 3*z**2. Let o(p) = -4*t(p) - 9*y(p). What are the prime factors of o(-9)?
7, 13
Suppose 28*q + 12 = 25*q, -2*k - 3*q - 28 = 0. Let g(u) = -3*u**3 - 8*u**2 - u - 81. List the prime factors of g(k).
3, 317
Let i be (16 - 18) + (1*10)/2. Suppose -2*x + 519 = -5*y - 110, -975 = -3*x - i*y. What are the prime factors of x?
2, 7, 23
Let m = -18659 - -46958. What are the prime factors of m?
3, 9433
Suppose 9*l = 6 + 75. Suppose 2*n + 5*z = -4, -3*n - 11 = -4*z + l*z. List the prime factors of (0 - (-149)/3)/(n/(-21)).
149
Let d(q) = -2*q**2 - 10*q + 8. Suppose -18*v + 10 = -20*v. Let h be d(v). Suppose -918 = h*i - 17*i. What are the prime factors of i?
2, 3, 17
Let c(p) = -1628*p + 1137. What are the prime factors of c(-4)?
7649
Let n(u) = 112*u**3 - 4*u**2 - 12*u + 14. List the prime factors of n(5).
2, 3, 2309
Let g be (-6)/(((-2)/73)/1). Let q be (-1 + -2)/(9/(-12)). Suppose m - 266 = -q*a - m, 0 = -3*a + 5*m + g. List the prime factors of a.
2, 17
Let s(h) = 31*h**2 - 7*h + 16. Let k(p) = p**3 - 61*p**2 + 13*p - 30. Let f(t) = -2*k(t) - 5*s(t). Let i = 1 - 18. What are the prime factors of f(i)?
2, 29
Let d(s) = -s**3 + 47*s**2 - 19*s - 525. List the prime factors of d(40).
3, 5, 661
Let n(a) be the second derivative of a**4/12 + 3*a**3/2 - 3*a**2 - 3*a. Suppose 5*p + 63 = -2*y, 3*y = 3*p - 2*y + 13. List the prime factors of n(p).
2
Suppose -50*p + 3*q - 257743 = -54*p, 2*p + 4*q - 128884 = 0. List the prime factors of p.
2, 4027
Suppose 2*z - z - 4*y - 713 = 0, -2*z + 1426 = -5*y. Let k = z - -107. Suppose -t = 2*t - 4*p - 492, 2*p + k = 5*t. List the prime factors of t.
2, 41
Suppose 5*w - 9*w = -2684. Suppose -5*x + 1919 + w = 0. What are the prime factors of x?
2, 7, 37
Let b be 58/(-1 - -3) + -2. Suppose -b*r + 31*r = 1360. List the prime factors of r.
2, 5, 17
Let k(h) = 76*h**3 - 14*h**2 + 6*h - 58. List the prime factors of k(6).
2, 5, 7, 227
Suppose 3*n - 1 = 35. Let l = 33 - 24. List the prime factors of 1173/n - l/12.
97
Suppose -156*j - 126705 = -159*j + 3*c, -2*j + c + 84472 = 0. List the prime factors of j.
3, 13, 19
Suppose 36*d + 11*d - 487311 + 123719 = 0. What are the prime factors of d?
2, 967
Suppose -3*h + 9 = -3, -4*h + 454 = -j. Let k = j + 643. What are the prime factors of k?
5, 41
Let j(l) = -l + 21. Let o be j(19). Let m(k) = 3 + 2 + 32*k**o - 2 - 3*k. What are the prime factors of m(2)?
5
Let s(l) = -l + 12. Let t be s(5). What are the prime factors of 4 - t/(7/(-234))?
2, 7, 17
Suppose 67*n - 80*n + 80327 = 0. List the prime factors of n.
37, 167
What are the prime factors of 169796/110 - ((-81)/15 - -6)?
1543
Let t = -108 - -108. Suppose t = g - 27 - 730. List the prime factors of g.
757
Let l be 0 + 1 - (-143)/(-1). Suppose -5*z + 1521 = 2*u, 3*u - 158 - 141 = -z. Let h = z + l. List the prime factors of h.
163
Let q = 37 + -43. Let k be (q/(-8))/(8/32). Suppose x - 68 = 4*a, -k*x + 2*a - 340 = -8*x. What are the prime factors of x?
2, 17
Let h(b) = 4*b**2 - 6*b + 66. Let w(c) = c**2 - 13*c + 29. Let n be w(11). What are the prime factors of h(n)?
2, 5, 11
Let p = -20 + 65. Let t = p + -49. List the prime factors of 0 - (-8 - t) - -10.
2, 7
Suppose 3*g + 12 = -14*u + 17*u, 0 = -4*u - g + 31. What are the prime factors of (-157110)/(-150) - u/5?
2, 523
Suppose -i - 115 = -144. List the prime factors of 150*(i/2)/((-45)/(-30)).
2, 5, 29
Let u = -4739 - -6734. What are the prime factors of u?
3, 5, 7, 19
Suppose 6*y - 657 = 3*y. Let n = y - 107. Suppose -n = -6*p + 488. What are the prime factors of p?
2, 5
What are the prime factors of 7 - (-2360 - 7/(35/45))?
2, 3, 11
Let y(q) = 12*q + 38. Let l(b) = -22*b - 76. Let s(n) = -6*l(n) - 13*y(n). List the prime factors of s(-15).
2, 7, 23
Suppose -5*z + 127959 = 3*x, -4*x + 136356 = z - 34273. List the prime factors of x.
2, 7, 11, 277
List the prime factors of ((-22)/(-33) - 1)/(1/(-6711)).
2237
Let a(c) be the third derivative of c**6/120 - 19*c**5/60 - c**4/4 + 5*c**3/3 - 30*c**2 - 2*c. List the prime factors of a(22).
2, 5, 7, 19
Let y = -217 - -266. Suppose y*u + 6847 - 58983 = 0. What are the prime factors of u?
2, 7, 19
Let k(v) be the second derivative of v**4/6 + 53*v**3/6 - 125*v**2 - 209*v. What are the prime factors of k(-43)?
7, 167
What are the prime factors of (12/(-14))/(15 - 349444/23296)?
2, 3, 13
Suppose 124*x = 119*x + 4*m + 216719, 2*x = -3*m + 86706. List the prime factors of x.
3, 14449
Suppose -655*c = -652*c - 2*d - 16173, 5*d + 16164 = 3*c. What are the prime factors of c?
5393
Let g = -449 + 761. Suppose 0 = 3*s - 2*r - 99 - g, -4*s + 553 = -r. What are the prime factors of s?
139
What are the prime factors of (11 + -16024)/((-2)/(-8) - 50/40)?
67, 239
Suppose -2 = -d + 2. Suppose 637 + 3023 = 5*u. Suppose s + 2*r - 239 = 0, -r + d*r - u = -3*s. What are the prime factors of s?
3, 83
Let x(n) = 3*n - 4*n**2 - 16 + n**3 + 3*n**2 - 7*n**2. Suppose 54 = 3*h + 5*d, -h + 3*d = 5*d - 20. List the prime factors of x(h).
2
Suppose -4*b - 5*u = -2124, 0 = 5*b - u + 16 - 2642. Suppose -b - 450 = -4*f. List the prime factors of f.
2, 61
Let h(f) = 15*f**3 - 16*f**2 + 35*f - 83. What are the prime factors of h(12)?
17, 1409
Suppose -2*h + 5*z = -0*h - 95, -5*h - 5*z = -150. Suppose -31*d = -h*d - 4. Let n(y) = -5*y**3 + y**2 - 1. What are the prime factors of n(d)?
5
Let k(l) = -2*l - 3. Let t be k(-3). Let n be (-6)/t - 1 - -747. Suppose -8*h - 4*z = -4*h - 964, 3*h - n = 4*z. What are the prime factors of h?
2, 61
Suppose k - f + 3*f = 0, 5 = k + f. Suppose -6 = v + k. Let c(d) = -4*d + 9. What are the prime factors of c(v)?
73
Suppose 89 = -9*c + 233. Let u = 32 - c. List the prime factors of ((-65)/(-2))/5*u.
2, 13
Let o = -6587 + 12787. List the prime factors of o.
2, 5, 31
Suppose -2*a = 3*n - 1408, a - 2*n - 336 = 354. Suppose 4*s + 3036 = 5*g, 3*s + 1918 = 2*g + a. What are the prime factors of g?
2, 151
Let h(m) = m**2 - 7*m - 15. Let y be h(8). Let w(q) = 5*q + 40. Let n be w(y). List the prime factors of -4 + 175 + -4 + n.
2, 43
Let o = -9849 - -16075. What are the prime factors of o?
2, 11, 283
Suppose -29171 = 5*o - 9*o - 3*u, 5*o = 4*u + 36487. What are the prime factors of o?
5, 1459
Let a be (3 - 0)*(-12)/((-288)/200). What are the prime factors of (7 + 7 + -4)*(2 + a)?
2, 3, 5
Suppose -6 = -0*b - b. Let c(t) = -8*t - 3. Let s be c(b). Let h = 81 + s. What are the prime factors of h?
2, 3, 5
Suppose -8 = -4*s - 2*j, 33*s + 12 = 38*s + 2*j. Suppose q + q + 910 = 3*w, -s*q = 20. List the prime factors of w.
2, 3, 5
Let w(c) = c**3 - 4*c**2 - 10*c - 15. Let y be w(6). What are the prime factors of (2 - (0 + (-3 - y))) + 166?
2, 3, 7
Suppose -67 = 7*j - 11. What are the prime factors of ((-132)/j)/((-15)/(-380))?
2, 11, 19
List the prime factors of 4526*(19 - 10 - 10)*-7.
2, 7, 31, 73
Suppose 488 = 5*t + 4*n + 81, n = 3*t - 234. Let h = t - -788. List the prime factors of h.
3, 17
Let m = 76255 + -33506. List the prime factors of m.
7, 31, 197
Suppose -4*g = -13*g + 45. Suppose 3*r = r - 4*v + 26, 5*r - 5*v - g = 0. Suppose -r*k = -363 - 437. What are the prime factors of k?
2, 5
Let v(z) = 10*z**3 - 3*z**2 + 2*z. Let q be v(1). What are the prime factors of (14/(-8))/((q/404)/(-9))?
7, 101
Suppose -100*y + 71*y - 522 = 0. List the prime factors of y/(((-4)/268)/1).
2, 3, 67
Let f(g) = -g**2 + 9*g + 38. Let o be f(12). Suppose 7*k = o*k + 485. List the prime factors of k.
97
Suppose 63*r + 25*r - 2797720 = -27*r. What are the prime factors of r?
2, 3041
Let w(i) = 11*i + 49. Let v(p) = 5*p + 16. Let h(m) = 21*v(m) - 6*w(m). List the prime factors of h(12).
2, 3, 5, 17
Let n be (-5)/15*9 - -159. Let t = 331 + n. List the prime factors of t.
487
Let r be (10/6 - 1/(-3)) + 0. List the prime factors of (-7578)/(-8) + (-2)/16*r.
947
Let p = 7382 + -4458. List the prime factors of p/(-51)*((-31)/2 - -2).
2, 3, 43
Let y = 175 + -100. Suppose -53*s + 52*s + 3 = 0. Suppose s*o - 3*c - 18 = -3, -5*c = 5*o - y. List the prime factors of o.
2, 5
Suppose 2*j = -l